e prime factors of 1342058.
2, 671029
What are the prime factors of 568545?
3, 5, 29, 1307
What are the prime factors of 10946293?
10946293
List the prime factors of 14094669.
3, 37, 43, 2953
List the prime factors of 214046.
2, 7, 15289
What are the prime factors of 29621252?
2, 1021, 7253
List the prime factors of 12595928.
2, 1574491
List the prime factors of 2649052.
2, 7, 37, 2557
List the prime factors of 16441544.
2, 7, 293599
List the prime factors of 190866.
2, 3, 13, 2447
What are the prime factors of 282066?
2, 3, 53, 887
List the prime factors of 4896919.
1801, 2719
List the prime factors of 997182.
2, 3, 55399
List the prime factors of 2217638.
2, 1108819
What are the prime factors of 5112074?
2, 11, 232367
List the prime factors of 26787552.
2, 3, 11, 25367
List the prime factors of 12266885.
5, 2453377
List the prime factors of 8697122.
2, 7, 621223
List the prime factors of 291871.
53, 5507
List the prime factors of 8752.
2, 547
What are the prime factors of 337257?
3, 12491
List the prime factors of 260124.
2, 3, 53, 409
What are the prime factors of 9807188?
2, 2451797
List the prime factors of 1042469.
1042469
List the prime factors of 1135016.
2, 337, 421
What are the prime factors of 5979983?
5979983
What are the prime factors of 793702?
2, 7, 13, 89
What are the prime factors of 1850726?
2, 953, 971
What are the prime factors of 28765303?
7, 29, 31, 653
What are the prime factors of 1318850?
2, 5, 13, 2029
What are the prime factors of 40061291?
19, 97, 21737
List the prime factors of 19335387.
3, 23, 280223
List the prime factors of 122569.
19, 6451
What are the prime factors of 10759255?
5, 13, 165527
List the prime factors of 130738.
2, 131, 499
List the prime factors of 354926.
2, 11, 13, 17, 73
What are the prime factors of 1143996?
2, 3, 7, 13619
List the prime factors of 1000516.
2, 11, 22739
List the prime factors of 261612.
2, 3, 13, 43
What are the prime factors of 304875?
3, 5, 271
List the prime factors of 26797.
127, 211
What are the prime factors of 962466?
2, 3, 47, 3413
List the prime factors of 23912371.
7, 3416053
List the prime factors of 10537834.
2, 673, 7829
List the prime factors of 4099738.
2, 719, 2851
List the prime factors of 410341.
410341
What are the prime factors of 8794576?
2, 7, 17, 31, 149
What are the prime factors of 902333?
902333
What are the prime factors of 14591849?
71, 205519
What are the prime factors of 1319129?
7, 26921
List the prime factors of 8013402.
2, 3, 19, 23431
What are the prime factors of 708399?
3, 26237
What are the prime factors of 9670995?
3, 5, 23879
List the prime factors of 227452.
2, 101, 563
What are the prime factors of 743251?
743251
What are the prime factors of 2921700?
2, 3, 5, 9739
What are the prime factors of 35159546?
2, 37, 61, 7789
What are the prime factors of 590000?
2, 5, 59
What are the prime factors of 12477897?
3, 199, 6967
What are the prime factors of 4161587?
29, 143503
What are the prime factors of 218202?
2, 3, 41, 887
What are the prime factors of 6076307?
6076307
What are the prime factors of 425361?
3, 71, 1997
List the prime factors of 190948.
2, 47737
List the prime factors of 6307003.
263, 23981
What are the prime factors of 1964892?
2, 3, 163741
What are the prime factors of 3558735?
3, 5, 29, 101
List the prime factors of 182736.
2, 3, 47
What are the prime factors of 269258?
2, 11, 12239
What are the prime factors of 41803681?
41803681
What are the prime factors of 209692?
2, 7, 7489
List the prime factors of 264225.
3, 5, 13, 271
What are the prime factors of 543394?
2, 97, 2801
List the prime factors of 1003857.
3, 334619
List the prime factors of 1800618.
2, 3, 73, 4111
What are the prime factors of 629013?
3, 7, 11, 389
List the prime factors of 1372101.
3, 457367
What are the prime factors of 502225?
5, 20089
What are the prime factors of 17246584?
2, 1151, 1873
List the prime factors of 596199.
3, 198733
List the prime factors of 492691.
131, 3761
List the prime factors of 148676.
2, 11, 31, 109
List the prime factors of 3815938.
2, 7, 272567
List the prime factors of 15029814.
2, 3, 2504969
What are the prime factors of 4798272?
2, 3, 67, 373
List the prime factors of 81610.
2, 5, 8161
What are the prime factors of 254254?
2, 7, 11, 13, 127
List the prime factors of 500643.
3, 11, 13, 389
What are the prime factors of 13773934?
2, 6886967
What are the prime factors of 758480?
2, 5, 19, 499
List the prime factors of 15866847.
3, 195887
List the prime factors of 120639.
3, 40213
List the prime factors of 18472291.
18472291
List the prime factors of 3036408.
2, 3, 126517
What are the prime factors of 236845?
5, 7, 67, 101
List the prime factors of 371647.
131, 2837
List the prime factors of 62250.
2, 3, 5, 83
List the prime factors of 544422.
2, 3, 31, 2927
List the prime factors of 1531388.
2, 382847
What are the prime factors of 17529099?
3, 7, 41, 20359
List the prime factors of 20995867.
17, 163, 7577
List the prime factors of 2013900.
2, 3, 5, 7, 137
What are the prime factors of 299171?
299171
List the prime factors of 454187.
71, 6397
List the prime factors of 11721984.
2, 3, 15263
List the prime factors of 15971660.
2, 5, 23, 34721
List the prime factors of 225869.
7, 41, 787
List the prime factors of 312906.
2, 3, 11, 431
What are the prime factors of 9954373?
11, 13, 151, 461
What are the prime factors of 14389?
14389
What are the prime factors of 22141689?
3, 43, 171641
What are the prime factors of 2273295?
3, 5, 151553
What are the prime factors of 13143228?
2, 3, 7, 156467
List the prime factors of 85349.
11, 7759
List the prime factors of 1660.
2, 5, 83
List the prime factors of 100208.
2, 6263
List the prime factors of 447757.
447757
What are the prime factors of 501580?
2, 5, 31, 809
What are the prime factors of 3441757?
11, 312887
What are the prime factors of 2199696?
2, 3, 45827
What are the prime factors of 26226931?
26226931
What are the prime factors of 52827?
3, 17609
What are the prime factors of 3518193?
3, 7, 29, 53, 109
List the prime factors of 578226.
2, 3, 11, 8761
List the prime factors of 740232.
2, 3, 23, 149
List the prime factors of 87404.
2, 21851
What are the prime factors of 7435?
5, 1487
What are the prime factors of 869899?
869899
What are the prime factors of 6239308?
2, 31, 67, 751
List the prime factors of 168304.
2, 67, 157
List the prime factors of 1283377.
23, 55799
List the prime factors of 14252006.
2, 43, 165721
List the prime factors of 11752793.
13, 23, 1709
What are the prime factors of 11478819?
3, 11, 137, 2539
What are the prime factors of 466443?
3, 51827
What are the prime factors of 868431?
3, 289477
What are the prime factors of 452331?
3, 11, 1523
What are the prime factors of 616778?
2, 19, 16231
List the prime factors of 2799391.
7, 399913
What are the prime factors of 3920401?
3920401
List the prime factors of 2168531.
41, 227, 233
List the prime factors of 9547527.
3, 11, 289319
List the prime factors of 1631870.
2, 5, 53, 3079
What are the prime factors of 215748?
2, 3, 13, 461
What are the prime factors of 1376350?
2, 5, 27527
List the prime factors of 2846148.
2, 3, 237179
What are the prime factors of 303383?
71, 4273
List the prime factors of 32077542.
2, 3, 7, 763751
List the prime factors of 11294489.
1259, 8971
List the prime factors of 1950850.
2, 5, 11, 3547
List the prime factors of 14319157.
14319157
What are the prime factors of 80856?
2, 3, 1123
What are the prime factors of 227599?
43, 67, 79
List the prime factors of 828152.
2, 13, 7963
List the prime factors of 29053881.
3, 3228209
List the prime factors of 67906.
2, 19, 1787
What are the prime factors of 14587430?
2, 5, 11, 13, 101
List the prime factors of 2755844.
2, 7, 13, 67, 113
List the prime factors of 973914.
2, 3, 37, 41, 107
What are the prime factors of 360131?
113, 3187
List the prime factors of 431278.
2, 191, 1129
What are the prime factors of 296137?
296137
What are the prime factors of 56252?
2, 7, 41
List the prime factors of 70416.
2, 3, 163
What are the prime factors of 5083575?
3, 5, 7, 23, 421
List the prime factors of 7599577.
7599577
List the prime factors of 3033919.
7, 163, 2659
What are the prime factors of 4498351?
11, 13, 83, 379
List the prime factors of 162